prime factors of 162564353?
7, 17, 1366087
What are the prime factors of 103532149?
7, 301843
List the prime factors of 2673147858.
2, 3, 445524643
List the prime factors of 25677584.
2, 61, 26309
List the prime factors of 73065375.
3, 5, 21649
What are the prime factors of 122225424?
2, 3, 2546363
List the prime factors of 174754855.
5, 11, 288851
What are the prime factors of 3152226382?
2, 31, 50842361
What are the prime factors of 152077673?
11, 13825243
What are the prime factors of 60528474?
2, 3, 3362693
List the prime factors of 254915520.
2, 3, 5, 131, 2027
What are the prime factors of 807839?
83, 9733
List the prime factors of 5005711014.
2, 3, 179, 331, 14081
List the prime factors of 147745711.
147745711
What are the prime factors of 222589961?
11, 101, 200351
What are the prime factors of 19990458?
2, 3, 311, 3571
List the prime factors of 17516450.
2, 5, 7, 50047
What are the prime factors of 30227573?
31, 975083
List the prime factors of 482809250.
2, 5, 7, 11, 3583
What are the prime factors of 89602503?
3, 23, 397, 3271
List the prime factors of 50738094.
2, 3, 11, 19, 13487
What are the prime factors of 4929412?
2, 1232353
What are the prime factors of 2466371462?
2, 103, 11972677
What are the prime factors of 467546700?
2, 3, 5, 29, 61, 881
What are the prime factors of 255168269?
307, 831167
List the prime factors of 162068116.
2, 7, 5788147
What are the prime factors of 394130475?
3, 5, 37, 43, 367
What are the prime factors of 43017249?
3, 11, 1303553
What are the prime factors of 1987656798?
2, 3, 37, 8953409
List the prime factors of 519722012.
2, 8831, 14713
List the prime factors of 48623437.
241, 201757
What are the prime factors of 484077296?
2, 30254831
What are the prime factors of 42509455?
5, 109, 77999
What are the prime factors of 310571506?
2, 7, 3169097
List the prime factors of 1340856099.
3, 11, 191, 7879
List the prime factors of 190705993.
107, 16657
What are the prime factors of 23127861?
3, 7709287
List the prime factors of 5298211807.
7, 19, 1123, 1867
What are the prime factors of 696735845?
5, 13, 607, 17659
List the prime factors of 818913470.
2, 5, 1021, 80207
List the prime factors of 749018322.
2, 3, 13, 23, 29, 4799
What are the prime factors of 427976114?
2, 37, 5783461
List the prime factors of 64559915.
5, 7, 1844569
What are the prime factors of 21939616?
2, 685613
List the prime factors of 392961150.
2, 3, 5, 873247
List the prime factors of 1600912626.
2, 3, 266818771
What are the prime factors of 128792938?
2, 64396469
List the prime factors of 16081584.
2, 3, 335033
List the prime factors of 72922004.
2, 47, 181, 2143
What are the prime factors of 1082255126?
2, 163, 223, 14887
What are the prime factors of 1570550507?
19, 37, 2234069
List the prime factors of 2870698978.
2, 7, 205049927
List the prime factors of 151504433.
89, 491, 3467
What are the prime factors of 201947306?
2, 11, 107, 709
What are the prime factors of 1704530473?
59, 131, 220537
List the prime factors of 128100182.
2, 7, 43, 212791
What are the prime factors of 1051664578?
2, 173, 3039493
List the prime factors of 280948446.
2, 3, 5202749
List the prime factors of 645104828.
2, 23, 7012009
What are the prime factors of 1609999994?
2, 17, 101, 468841
What are the prime factors of 18021925?
5, 720877
List the prime factors of 736621243.
11579, 63617
List the prime factors of 1305872305.
5, 1607, 162523
List the prime factors of 151170910.
2, 5, 11, 29, 47389
List the prime factors of 40701791.
13, 17, 31, 457
List the prime factors of 546243698.
2, 7, 11, 13, 23, 11863
List the prime factors of 849645769.
7, 887, 136841
List the prime factors of 703363346.
2, 7, 71, 2063
List the prime factors of 44678380.
2, 5, 17, 331, 397
List the prime factors of 115728086.
2, 1543, 37501
What are the prime factors of 559959684?
2, 3, 167, 279421
What are the prime factors of 548015892?
2, 3, 31, 137, 10753
What are the prime factors of 1414948845?
3, 5, 17, 23, 241253
What are the prime factors of 24928339?
24928339
List the prime factors of 131937336.
2, 3, 7541
What are the prime factors of 396146678?
2, 4931, 40169
What are the prime factors of 3760553514?
2, 3, 919, 682001
List the prime factors of 6534983754.
2, 3, 13, 1039, 26879
What are the prime factors of 262289527?
53, 4948859
What are the prime factors of 6332097024?
2, 3, 11, 41641
What are the prime factors of 3334797?
3, 29, 4259
What are the prime factors of 181979236?
2, 67, 769, 883
List the prime factors of 244686229.
167, 1465187
What are the prime factors of 3576797631?
3, 11, 298589
List the prime factors of 1143389682.
2, 3, 7057961
What are the prime factors of 137868820?
2, 5, 6893441
What are the prime factors of 1301021826?
2, 3, 13, 31, 41389
What are the prime factors of 690753885?
3, 5, 709, 64951
What are the prime factors of 87248566?
2, 43624283
List the prime factors of 196796941.
11, 151, 10771
List the prime factors of 28626156.
2, 3, 13, 20389
List the prime factors of 441170568.
2, 3, 127, 48247
List the prime factors of 268092150.
2, 3, 5, 1787281
What are the prime factors of 56588770?
2, 5, 7, 433, 1867
What are the prime factors of 691642868?
2, 7, 3191, 7741
What are the prime factors of 1236251772?
2, 3, 7, 173, 4051
What are the prime factors of 2250051868?
2, 47, 1453, 8237
What are the prime factors of 743357674?
2, 17, 1663, 13147
What are the prime factors of 480045474?
2, 3, 37, 240263
List the prime factors of 511372603.
7, 173, 181, 2333
What are the prime factors of 41323713?
3, 31, 444341
What are the prime factors of 105055718?
2, 71, 739829
List the prime factors of 3089641134.
2, 3, 317, 1624417
List the prime factors of 1049905245.
3, 5, 41, 1707163
List the prime factors of 282819378.
2, 3, 17, 181, 15319
What are the prime factors of 2439330102?
2, 3, 11, 17, 59, 71, 173
List the prime factors of 2708768003.
19, 31, 73, 863
What are the prime factors of 506457413?
7, 11, 71, 92639
List the prime factors of 1475018060.
2, 5, 23, 3206561
List the prime factors of 5997453910.
2, 5, 7, 85677913
What are the prime factors of 1738644595?
5, 53, 123791
What are the prime factors of 70790358?
2, 3, 157, 75149
What are the prime factors of 757525987?
13931, 54377
What are the prime factors of 19919765?
5, 653, 6101
What are the prime factors of 61762245?
3, 5, 23, 179021
List the prime factors of 239000490.
2, 3, 5, 885187
What are the prime factors of 6436968747?
3, 11, 257, 758987
List the prime factors of 433359378.
2, 3, 24075521
What are the prime factors of 212442668?
2, 1289, 41203
List the prime factors of 114213367.
114213367
List the prime factors of 72661707.
3, 8073523
What are the prime factors of 517684033?
517684033
List the prime factors of 20140020.
2, 3, 5, 41, 2729
What are the prime factors of 793327168?
2, 17, 67, 10883
What are the prime factors of 6450874395?
3, 5, 7, 19, 3233521
What are the prime factors of 341046166?
2, 170523083
What are the prime factors of 36726545?
5, 17, 503, 859
List the prime factors of 901402449.
3, 4211, 71353
What are the prime factors of 563225525?
5, 223, 101027
List the prime factors of 214701019.
13, 89, 185567
What are the prime factors of 16117598?
2, 7, 17, 241, 281
List the prime factors of 1407617641.
19, 23, 3221093
What are the prime factors of 378676941?
3, 79, 1597793
List the prime factors of 285237501.
3, 47, 1013, 1997
What are the prime factors of 111820010?
2, 5, 11182001
What are the prime factors of 45710992?
2, 641, 4457
What are the prime factors of 58579019?
283, 206993
What are the prime factors of 138211325?
5, 7, 409, 1931
List the prime factors of 102592283.
5923, 17321
List the prime factors of 4567064418.
2, 3, 7, 79, 152939
What are the prime factors of 143499088?
2, 8968693
What are the prime factors of 96153911?
7, 67, 205019
List the prime factors of 877826541.
3, 137, 2135831
What are the prime factors of 946130241?
3, 7, 45053821
What are the prime factors of 1724420253?
3, 263, 2185577
What are the prime factors of 2176346?
2, 337, 3229
What are the prime factors of 75347803?
2099, 35897
What are the prime factors of 731194332?
2, 3, 11, 1657, 3343
What are the prime factors of 50390349?
3, 16796783
What are the prime factors of 146313